{"id":1197,"date":"2019-08-22T20:20:19","date_gmt":"2019-08-22T18:20:19","guid":{"rendered":"https:\/\/holtensterkrade.de\/?page_id=1197"},"modified":"2019-11-20T14:42:36","modified_gmt":"2019-11-20T13:42:36","slug":"umweltgruppe","status":"publish","type":"page","link":"https:\/\/holtensterkrade.de\/?page_id=1197","title":{"rendered":"Umweltgruppe"},"content":{"rendered":"<p><span style=\"color: #008000;\"><strong>\u201e\u00d6kogruppenbilanz 2019&#8243; der\u00a0 Umweltgruppe Holten und Umgebung<\/strong><\/span><\/p>\n<p><img loading=\"lazy\" class=\"wp-image-1522 alignleft\" src=\"https:\/\/holtensterkrade.de\/wp-content\/uploads\/2019\/11\/Abb.-2-A.-Kempmann-e1574256821906.jpg\" alt=\"\" width=\"298\" height=\"397\" srcset=\"https:\/\/holtensterkrade.de\/wp-content\/uploads\/2019\/11\/Abb.-2-A.-Kempmann-e1574256821906.jpg 3096w, https:\/\/holtensterkrade.de\/wp-content\/uploads\/2019\/11\/Abb.-2-A.-Kempmann-e1574256821906-225x300.jpg 225w, https:\/\/holtensterkrade.de\/wp-content\/uploads\/2019\/11\/Abb.-2-A.-Kempmann-e1574256821906-768x1024.jpg 768w\" sizes=\"(max-width: 298px) 100vw, 298px\" \/><img loading=\"lazy\" class=\"wp-image-1521 aligncenter\" src=\"https:\/\/holtensterkrade.de\/wp-content\/uploads\/2019\/11\/Abb.-1-Werner-Haverkamp.jpg\" alt=\"\" width=\"486\" height=\"322\" srcset=\"https:\/\/holtensterkrade.de\/wp-content\/uploads\/2019\/11\/Abb.-1-Werner-Haverkamp.jpg 4928w, https:\/\/holtensterkrade.de\/wp-content\/uploads\/2019\/11\/Abb.-1-Werner-Haverkamp-300x199.jpg 300w, https:\/\/holtensterkrade.de\/wp-content\/uploads\/2019\/11\/Abb.-1-Werner-Haverkamp-768x509.jpg 768w, https:\/\/holtensterkrade.de\/wp-content\/uploads\/2019\/11\/Abb.-1-Werner-Haverkamp-1024x678.jpg 1024w\" sizes=\"(max-width: 486px) 100vw, 486px\" \/><img loading=\"lazy\" class=\"wp-image-1523 alignright\" src=\"https:\/\/holtensterkrade.de\/wp-content\/uploads\/2019\/11\/Abb.-3-H.-Brodrick.jpeg\" alt=\"\" width=\"422\" height=\"379\" srcset=\"https:\/\/holtensterkrade.de\/wp-content\/uploads\/2019\/11\/Abb.-3-H.-Brodrick.jpeg 2956w, https:\/\/holtensterkrade.de\/wp-content\/uploads\/2019\/11\/Abb.-3-H.-Brodrick-300x269.jpeg 300w, https:\/\/holtensterkrade.de\/wp-content\/uploads\/2019\/11\/Abb.-3-H.-Brodrick-768x689.jpeg 768w, https:\/\/holtensterkrade.de\/wp-content\/uploads\/2019\/11\/Abb.-3-H.-Brodrick-1024x919.jpeg 1024w\" sizes=\"(max-width: 422px) 100vw, 422px\" \/><\/p>\n<p>&nbsp;<\/p>\n<p>&nbsp;<\/p>\n<p>Seit f\u00fcnf Jahren ist die Umweltgruppe \u201eHolten und Umgebung\u201c nun in der Gemeinde aktiv und leistet praktische Naturschutzarbeit vor Ort als Beitrag zum Erhalt der biologischen Artenvielfalt.<\/p>\n<p>Das Jahr 2019 war gepr\u00e4gt von vielf\u00e4ltigen Aktivit\u00e4ten, unter denen vor allem die Betreuung und Pflege unserer Streuobstwiese an der Hippegasse die weitaus meiste Zeit beanspruchte. Mittlerweile stehen dort 10 (\u00fcberwiegend gesponserte) Obstb\u00e4ume alter Sorten, von denen wir in diesem Jahr erstmals die ersten \u00c4pfel und einige Quitten ernten konnten. Weiterhin ist diese etwa 800 m\u00b2 gro\u00dfe Wiese inzwischen mit 20 Wildstr\u00e4uchern, 5 Beerenstr\u00e4uchern, rund 200 einheimischen Wildstauden sowie einem gro\u00dfen Insektenhotel \u00f6kologisch aufgewertet worden.<\/p>\n<p>Ein zweiter Bereich umfasst die Herstellung von Insektenhotels, Fledermaus- und Vogelnistk\u00e4sten. Rund 30 Insektenhotels und 40 Vogelk\u00e4sten sind dieses Jahr in Holten und Umgebung verteilt worden. Einen \u201eGro\u00dfauftrag\u201c f\u00fcr 20 Meisennistk\u00e4sten haben wir zus\u00e4tzlich von unserem Friedhofskirchmeister Frank Giga erhalten. Er m\u00f6chte im kommenden Jahr dem Eichenprozessionsspinner auf den beiden Gemeindefriedh\u00f6fen Steinbrink- und Mattlerstra\u00dfe durch die Ansiedlung von Blau- und Kohlmeisen zu Leibe r\u00fccken, die diese Schadinsekten vertilgen sollen. Weiterhin sind gerade Insektenhotels in diesem Jahr von Holtener B\u00fcrgern angesichts des massiven Insektensterbens vermehrt nachgefragt worden, so dass wir einen Workshop zum Bau anbieten konnten. Interessenten f\u00fcr Insekten-, Fledermaus- oder Vogelk\u00e4sten aus der Gemeinde melden sich bitte unter einer der unten angegebenen Telefonnummern.<\/p>\n<p>Zur praktischen Naturschutzarbeit 2019 geh\u00f6rten auch der Bau und die Installation eines gr\u00f6\u00dferen Fledermauskastens im Turm der Holtener\u00a0 Ev. Kirche. Hier wurde mit wohlwollender Unterst\u00fctzung unserer Baukirchmeisterin Ursula Gilfert eines der Turmfenster wieder ge\u00f6ffnet, ein spaltenbreiter Einflug geschaffen und dahinter auf der Innenseite ein Fledermaus-\u00dcbernachtungsquartier angelegt. Wir hoffen auf reichhaltige Besiedlung in den n\u00e4chsten Jahren, denn Flederm\u00e4use huschen seit einigen Jahren regelm\u00e4\u00dfig durch den Holtener Abendhimmel.<\/p>\n<p>Im Bereich der \u00d6ffentlichkeitsarbeit waren wir in 2019 sowohl beim Hoffest des Biolandbetriebes Enninghorst als auch beim Fr\u00fchlings- und Herbstfest der \u00d6kologischen Staudeng\u00e4rtnerei Gartenwert an der K\u00fcperstra\u00dfe mit einem Informationsstand pr\u00e4sent.<\/p>\n<p>Schlie\u00dflich beteiligen wir uns seit zwei Jahren auch an einem Monitoring der heimischen Vogelwelt. An sieben Standorten in Holten und Umgebung registrieren wir in Vierteljahresabst\u00e4nden die Vogelwelt in den Hausg\u00e4rten und verschaffen uns damit einen \u00dcberblick \u00fcber die Artenzahl, aber auch \u00fcber die H\u00e4ufigkeit bei uns vorkommender Gartenv\u00f6gel. Ein Projekt am Rande ist auch die Erfassung der Holtener Mehlschwalben(nester), aus denen man R\u00fcckschl\u00fcsse auf die Bestandsentwicklung dieser inzwischen selten gewordenen Schwalbenart ziehen kann.<\/p>\n<p>Unsere Gruppe umfasst mittlerweile knapp 20 Aktive, die sich regelm\u00e4\u00dfig jeden dritten Mittwoch im Monat um 19:30 Uhr im Ev. Gemeindezentrum in Holten treffen, um Aktionen oder Arbeitseins\u00e4tze der Gruppe zu planen, Fachvortr\u00e4ge durch externe Experten zu organisieren, Exkursionen zu Naturschutzgebieten oder Fotoexkursionen zu verabreden. Einen Mitgliedsbeitrag f\u00fcr die Gruppe gibt es nicht, stattdessen werden bei den Treffen Spenden gesammelt, die am Jahresende einem externen Naturschutzprojekt zugute kommen. Ansprechpartner der Gruppe sind Petra Kellershohn (0208-68 75 66) und Werner Lantermann (0208-58 25 649 oder 0163-924 88 48).<\/p>\n<p>Werner Lantermann<\/p>\n<p><u>Legenden zu den Abbildungen:<\/u><\/p>\n<p>Abb. 1: Zusammen mit dem K\u00fcster Dirk Berndt wird der Fledermauskasten im Kirchturm installiert (Foto: Adriane Kempmann)<\/p>\n<p>Abb. 2: Nach getaner Arbeit auf der Streuobstwiese braucht die Gruppe erstmal eine St\u00e4rkung (Foto: Werner Haverkamp)<\/p>\n<p>Abb. 3: Nistkastenbau im Flie\u00dfbandsystem\u00a0 f\u00fcr die Gemeindefriedh\u00f6fe (Foto: H. Brodrick)<\/p>\n<p>&nbsp;<\/p>\n<p>&nbsp;<\/p>\n<p><strong><span style=\"color: #339966;\">Wer wir sind- was wir wollen<\/span><\/strong><\/p>\n<p style=\"text-align: left;\">Seit Juli 2014 gibt es in der Ev. Gemeinde Holten-Sterkrade die Umweltgruppe &#8222;Holten und Umgebung&#8220;, die praktische Na<img loading=\"lazy\" class=\"size-full wp-image-1208 alignright\" src=\"https:\/\/holtensterkrade.de\/wp-content\/uploads\/2019\/08\/Umweltgruppe-Logo.jpg\" alt=\"\" width=\"437\" height=\"268\" srcset=\"https:\/\/holtensterkrade.de\/wp-content\/uploads\/2019\/08\/Umweltgruppe-Logo.jpg 437w, https:\/\/holtensterkrade.de\/wp-content\/uploads\/2019\/08\/Umweltgruppe-Logo-300x184.jpg 300w\" sizes=\"(max-width: 437px) 100vw, 437px\" \/>turschutzarbeit vor Ort als Beitrag zum Erhalt der biologischen Artenvielfalt leisten will. Ziel ist es, die Lebensr\u00e4ume der in unserer Gemeinde vorkommenden Tier- und Pflanzenarten zu erhalten und zu sch\u00fctzen, z. B. durch Bereitstellen von Insektenhotels und Nistk\u00e4sten verschiedener Art.<\/p>\n<p>Ein gro\u00dfes Projekt, das die Gruppe bereits umgesetzt hat, war die Anlage einer Streuobstwiese an der \u201eHippegasse\u201c in Holten. An diesem Verbindungsg\u00e4sschen zwischen der Wasserstra\u00dfe und der L\u00fctzowstra\u00dfe hat die Gemeinde ein brachliegendes Grundst\u00fcck von der Stadt gepachtet, auf dem die Umweltgruppe verschiedene Obstb\u00e4ume gepflanzt hat (\u00c4pfel, Birnen, Apfelquitte). F\u00fcr einige B\u00e4ume auf der Wiese haben Holtener B\u00fcrger und Gruppen Spendenpatenschaften \u00fcbernommen. Der Startschuss fiel im Oktober 2017, als sich nach einer ersten groben Rodung der Fl\u00e4che die Mitglieder der Umweltgruppe trafen, die Wiese soweit es ging von Brennnesseln, Efeu und Brombeerranken befreite und die ersten vier B\u00e4ume pflanzte. Als Abgrenzung zur \u201eHippegasse\u201c wurde eine Benjeshecke (Totholzhecke) angelegt und dahinter eine Hecke mit einheimischen Str\u00e4uchern gepflanzt. Beides soll Insekten als Unterschlupf und Nahrungsquelle dienen. Weitere Pflege- und Pflanzaktionen sowie der Bau eines gro\u00dfen Insektenhotels folgten im Jahr 2018.<\/p>\n<p>Mit Flyern, Infost\u00e4nden auf den Aktionstagen und Beteiligung an Gemeindefesten (z. B. mit Bastelaktionen f\u00fcr Vogelnistk\u00e4sten und Fledermausk\u00e4sten) und Sommergottesdiensten werden Gemeindemitglieder und interessierte Besucher informiert und f\u00fcr den Naturschutz und den Erhalt der Artenvielfalt sensibilisiert. Auch Hochbeete f\u00fcr einen Kindergarten der Gemeinde konnten durch Spenden von Mitgliedern der Umweltgruppe angeschafft werden, denn den aktiven Umgang mit der Natur kann man bekanntlich nie fr\u00fch genug erlernen.<\/p>\n<p>Neben dem zentralen Projekt \u201eStreuobstwiese\u201c gibt es einige weitere Aktionen der Gruppe, z. B. die Erfassung und Betreuung der Holtener Mehlschwalbenbest\u00e4nde und Beratung der Hausbesitzer mit Schwalbennestern oder die Unterst\u00fctzung des NABU und BUND bei der Erfassung der im Umfeld vorkommenden Vogelarten und Schmetterlinge.<\/p>\n<p>10-15 Aktive treffen sich regelm\u00e4\u00dfig jeden dritten Mittwoch im Monat um 19:30 Uhr im Ev. Gemeindezentrum in Holten, um Aktionen der Gruppe zu planen, Fachvortr\u00e4ge durch externe Experten zu organisieren, die auch der interessierten \u00d6ffentlichkeit zug\u00e4nglich sind, und erg\u00e4nzen diese Treffen durch regelm\u00e4\u00dfige Arbeitseins\u00e4tze auf der Streuobstwiese, Exkursionen zu Naturschutzgebieten oder Fotoexkursionen. Einen Mitgliedsbeitrag f\u00fcr die Gruppe gibt es nicht, stattdessen werden bei den Treffen Spenden gesammelt, die am Jahresende einem Naturschutzprojekt zugute kommen. Im Jahr 2018 war es das NABU-Stiftungsprojekt \u201eBiotop Freundt\u201c im Diersfordter Wald in Wesel.<\/p>\n<p>Ansprechpartner der Gruppe sind Petra Kellershohn (0208-68 75 66) und Werner Lantermann (0208-58 25 649 oder 0163-924 88 48).<\/p>\n<p>&nbsp;<\/p>\n","protected":false},"excerpt":{"rendered":"<p>\u201e\u00d6kogruppenbilanz 2019&#8243; der\u00a0 Umweltgruppe Holten und Umgebung &nbsp; &nbsp; Seit f\u00fcnf Jahren ist die Umweltgruppe \u201eHolten und Umgebung\u201c nun in der Gemeinde aktiv und leistet praktische Naturschutzarbeit vor Ort als Beitrag zum Erhalt der&#46;&#46;&#46;<\/p>\n","protected":false},"author":1,"featured_media":0,"parent":0,"menu_order":0,"comment_status":"closed","ping_status":"closed","template":"","meta":[],"publishpress_future_action":{"enabled":false,"date":"1970-01-01 01:00:00","action":"","terms":[],"taxonomy":"","browser_timezone_offset":0},"_links":{"self":[{"href":"https:\/\/holtensterkrade.de\/index.php?rest_route=\/wp\/v2\/pages\/1197"}],"collection":[{"href":"https:\/\/holtensterkrade.de\/index.php?rest_route=\/wp\/v2\/pages"}],"about":[{"href":"https:\/\/holtensterkrade.de\/index.php?rest_route=\/wp\/v2\/types\/page"}],"author":[{"embeddable":true,"href":"https:\/\/holtensterkrade.de\/index.php?rest_route=\/wp\/v2\/users\/1"}],"replies":[{"embeddable":true,"href":"https:\/\/holtensterkrade.de\/index.php?rest_route=%2Fwp%2Fv2%2Fcomments&post=1197"}],"version-history":[{"count":10,"href":"https:\/\/holtensterkrade.de\/index.php?rest_route=\/wp\/v2\/pages\/1197\/revisions"}],"predecessor-version":[{"id":1526,"href":"https:\/\/holtensterkrade.de\/index.php?rest_route=\/wp\/v2\/pages\/1197\/revisions\/1526"}],"wp:attachment":[{"href":"https:\/\/holtensterkrade.de\/index.php?rest_route=%2Fwp%2Fv2%2Fmedia&parent=1197"}],"curies":[{"name":"wp","href":"https:\/\/api.w.org\/{rel}","templated":true}]}}

<p><span style="color: #008000;"><strong>„Ökogruppenbilanz 2019&#8243; der  Umweltgruppe Holten und Umgebung</strong></span></p>
<p><img loading="lazy" class="wp-image-1522 alignleft" src="https://holtensterkrade.de/wp-content/uploads/2019/11/Abb.-2-A.-Kempmann-e1574256821906.jpg" alt="" width="298" height="397" srcset="https://holtensterkrade.de/wp-content/uploads/2019/11/Abb.-2-A.-Kempmann-e1574256821906.jpg 3096w, https://holtensterkrade.de/wp-content/uploads/2019/11/Abb.-2-A.-Kempmann-e1574256821906-225x300.jpg 225w, https://holtensterkrade.de/wp-content/uploads/2019/11/Abb.-2-A.-Kempmann-e1574256821906-768x1024.jpg 768w" sizes="(max-width: 298px) 100vw, 298px" /><img loading="lazy" class="wp-image-1521 aligncenter" src="https://holtensterkrade.de/wp-content/uploads/2019/11/Abb.-1-Werner-Haverkamp.jpg" alt="" width="486" height="322" srcset="https://holtensterkrade.de/wp-content/uploads/2019/11/Abb.-1-Werner-Haverkamp.jpg 4928w, https://holtensterkrade.de/wp-content/uploads/2019/11/Abb.-1-Werner-Haverkamp-300x199.jpg 300w, https://holtensterkrade.de/wp-content/uploads/2019/11/Abb.-1-Werner-Haverkamp-768x509.jpg 768w, https://holtensterkrade.de/wp-content/uploads/2019/11/Abb.-1-Werner-Haverkamp-1024x678.jpg 1024w" sizes="(max-width: 486px) 100vw, 486px" /><img loading="lazy" class="wp-image-1523 alignright" src="https://holtensterkrade.de/wp-content/uploads/2019/11/Abb.-3-H.-Brodrick.jpeg" alt="" width="422" height="379" srcset="https://holtensterkrade.de/wp-content/uploads/2019/11/Abb.-3-H.-Brodrick.jpeg 2956w, https://holtensterkrade.de/wp-content/uploads/2019/11/Abb.-3-H.-Brodrick-300x269.jpeg 300w, https://holtensterkrade.de/wp-content/uploads/2019/11/Abb.-3-H.-Brodrick-768x689.jpeg 768w, https://holtensterkrade.de/wp-content/uploads/2019/11/Abb.-3-H.-Brodrick-1024x919.jpeg 1024w" sizes="(max-width: 422px) 100vw, 422px" /></p>
<p>&nbsp;</p>
<p>&nbsp;</p>
<p>Seit fünf Jahren ist die Umweltgruppe „Holten und Umgebung“ nun in der Gemeinde aktiv und leistet praktische Naturschutzarbeit vor Ort als Beitrag zum Erhalt der biologischen Artenvielfalt.</p>
<p>Das Jahr 2019 war geprägt von vielfältigen Aktivitäten, unter denen vor allem die Betreuung und Pflege unserer Streuobstwiese an der Hippegasse die weitaus meiste Zeit beanspruchte. Mittlerweile stehen dort 10 (überwiegend gesponserte) Obstbäume alter Sorten, von denen wir in diesem Jahr erstmals die ersten Äpfel und einige Quitten ernten konnten. Weiterhin ist diese etwa 800 m² große Wiese inzwischen mit 20 Wildsträuchern, 5 Beerensträuchern, rund 200 einheimischen Wildstauden sowie einem großen Insektenhotel ökologisch aufgewertet worden.</p>
<p>Ein zweiter Bereich umfasst die Herstellung von Insektenhotels, Fledermaus- und Vogelnistkästen. Rund 30 Insektenhotels und 40 Vogelkästen sind dieses Jahr in Holten und Umgebung verteilt worden. Einen „Großauftrag“ für 20 Meisennistkästen haben wir zusätzlich von unserem Friedhofskirchmeister Frank Giga erhalten. Er möchte im kommenden Jahr dem Eichenprozessionsspinner auf den beiden Gemeindefriedhöfen Steinbrink- und Mattlerstraße durch die Ansiedlung von Blau- und Kohlmeisen zu Leibe rücken, die diese Schadinsekten vertilgen sollen. Weiterhin sind gerade Insektenhotels in diesem Jahr von Holtener Bürgern angesichts des massiven Insektensterbens vermehrt nachgefragt worden, so dass wir einen Workshop zum Bau anbieten konnten. Interessenten für Insekten-, Fledermaus- oder Vogelkästen aus der Gemeinde melden sich bitte unter einer der unten angegebenen Telefonnummern.</p>
<p>Zur praktischen Naturschutzarbeit 2019 gehörten auch der Bau und die Installation eines größeren Fledermauskastens im Turm der Holtener  Ev. Kirche. Hier wurde mit wohlwollender Unterstützung unserer Baukirchmeisterin Ursula Gilfert eines der Turmfenster wieder geöffnet, ein spaltenbreiter Einflug geschaffen und dahinter auf der Innenseite ein Fledermaus-Übernachtungsquartier angelegt. Wir hoffen auf reichhaltige Besiedlung in den nächsten Jahren, denn Fledermäuse huschen seit einigen Jahren regelmäßig durch den Holtener Abendhimmel.</p>
<p>Im Bereich der Öffentlichkeitsarbeit waren wir in 2019 sowohl beim Hoffest des Biolandbetriebes Enninghorst als auch beim Frühlings- und Herbstfest der Ökologischen Staudengärtnerei Gartenwert an der Küperstraße mit einem Informationsstand präsent.</p>
<p>Schließlich beteiligen wir uns seit zwei Jahren auch an einem Monitoring der heimischen Vogelwelt. An sieben Standorten in Holten und Umgebung registrieren wir in Vierteljahresabständen die Vogelwelt in den Hausgärten und verschaffen uns damit einen Überblick über die Artenzahl, aber auch über die Häufigkeit bei uns vorkommender Gartenvögel. Ein Projekt am Rande ist auch die Erfassung der Holtener Mehlschwalben(nester), aus denen man Rückschlüsse auf die Bestandsentwicklung dieser inzwischen selten gewordenen Schwalbenart ziehen kann.</p>
<p>Unsere Gruppe umfasst mittlerweile knapp 20 Aktive, die sich regelmäßig jeden dritten Mittwoch im Monat um 19:30 Uhr im Ev. Gemeindezentrum in Holten treffen, um Aktionen oder Arbeitseinsätze der Gruppe zu planen, Fachvorträge durch externe Experten zu organisieren, Exkursionen zu Naturschutzgebieten oder Fotoexkursionen zu verabreden. Einen Mitgliedsbeitrag für die Gruppe gibt es nicht, stattdessen werden bei den Treffen Spenden gesammelt, die am Jahresende einem externen Naturschutzprojekt zugute kommen. Ansprechpartner der Gruppe sind Petra Kellershohn (0208-68 75 66) und Werner Lantermann (0208-58 25 649 oder 0163-924 88 48).</p>
<p>Werner Lantermann</p>
<p><u>Legenden zu den Abbildungen:</u></p>
<p>Abb. 1: Zusammen mit dem Küster Dirk Berndt wird der Fledermauskasten im Kirchturm installiert (Foto: Adriane Kempmann)</p>
<p>Abb. 2: Nach getaner Arbeit auf der Streuobstwiese braucht die Gruppe erstmal eine Stärkung (Foto: Werner Haverkamp)</p>
<p>Abb. 3: Nistkastenbau im Fließbandsystem  für die Gemeindefriedhöfe (Foto: H. Brodrick)</p>
<p>&nbsp;</p>
<p>&nbsp;</p>
<p><strong><span style="color: #339966;">Wer wir sind- was wir wollen</span></strong></p>
<p style="text-align: left;">Seit Juli 2014 gibt es in der Ev. Gemeinde Holten-Sterkrade die Umweltgruppe &#8222;Holten und Umgebung&#8220;, die praktische Na<img loading="lazy" class="size-full wp-image-1208 alignright" src="https://holtensterkrade.de/wp-content/uploads/2019/08/Umweltgruppe-Logo.jpg" alt="" width="437" height="268" srcset="https://holtensterkrade.de/wp-content/uploads/2019/08/Umweltgruppe-Logo.jpg 437w, https://holtensterkrade.de/wp-content/uploads/2019/08/Umweltgruppe-Logo-300x184.jpg 300w" sizes="(max-width: 437px) 100vw, 437px" />turschutzarbeit vor Ort als Beitrag zum Erhalt der biologischen Artenvielfalt leisten will. Ziel ist es, die Lebensräume der in unserer Gemeinde vorkommenden Tier- und Pflanzenarten zu erhalten und zu schützen, z. B. durch Bereitstellen von Insektenhotels und Nistkästen verschiedener Art.</p>
<p>Ein großes Projekt, das die Gruppe bereits umgesetzt hat, war die Anlage einer Streuobstwiese an der „Hippegasse“ in Holten. An diesem Verbindungsgässchen zwischen der Wasserstraße und der Lützowstraße hat die Gemeinde ein brachliegendes Grundstück von der Stadt gepachtet, auf dem die Umweltgruppe verschiedene Obstbäume gepflanzt hat (Äpfel, Birnen, Apfelquitte). Für einige Bäume auf der Wiese haben Holtener Bürger und Gruppen Spendenpatenschaften übernommen. Der Startschuss fiel im Oktober 2017, als sich nach einer ersten groben Rodung der Fläche die Mitglieder der Umweltgruppe trafen, die Wiese soweit es ging von Brennnesseln, Efeu und Brombeerranken befreite und die ersten vier Bäume pflanzte. Als Abgrenzung zur „Hippegasse“ wurde eine Benjeshecke (Totholzhecke) angelegt und dahinter eine Hecke mit einheimischen Sträuchern gepflanzt. Beides soll Insekten als Unterschlupf und Nahrungsquelle dienen. Weitere Pflege- und Pflanzaktionen sowie der Bau eines großen Insektenhotels folgten im Jahr 2018.</p>
<p>Mit Flyern, Infoständen auf den Aktionstagen und Beteiligung an Gemeindefesten (z. B. mit Bastelaktionen für Vogelnistkästen und Fledermauskästen) und Sommergottesdiensten werden Gemeindemitglieder und interessierte Besucher informiert und für den Naturschutz und den Erhalt der Artenvielfalt sensibilisiert. Auch Hochbeete für einen Kindergarten der Gemeinde konnten durch Spenden von Mitgliedern der Umweltgruppe angeschafft werden, denn den aktiven Umgang mit der Natur kann man bekanntlich nie früh genug erlernen.</p>
<p>Neben dem zentralen Projekt „Streuobstwiese“ gibt es einige weitere Aktionen der Gruppe, z. B. die Erfassung und Betreuung der Holtener Mehlschwalbenbestände und Beratung der Hausbesitzer mit Schwalbennestern oder die Unterstützung des NABU und BUND bei der Erfassung der im Umfeld vorkommenden Vogelarten und Schmetterlinge.</p>
<p>10-15 Aktive treffen sich regelmäßig jeden dritten Mittwoch im Monat um 19:30 Uhr im Ev. Gemeindezentrum in Holten, um Aktionen der Gruppe zu planen, Fachvorträge durch externe Experten zu organisieren, die auch der interessierten Öffentlichkeit zugänglich sind, und ergänzen diese Treffen durch regelmäßige Arbeitseinsätze auf der Streuobstwiese, Exkursionen zu Naturschutzgebieten oder Fotoexkursionen. Einen Mitgliedsbeitrag für die Gruppe gibt es nicht, stattdessen werden bei den Treffen Spenden gesammelt, die am Jahresende einem Naturschutzprojekt zugute kommen. Im Jahr 2018 war es das NABU-Stiftungsprojekt „Biotop Freundt“ im Diersfordter Wald in Wesel.</p>
<p>Ansprechpartner der Gruppe sind Petra Kellershohn (0208-68 75 66) und Werner Lantermann (0208-58 25 649 oder 0163-924 88 48).</p>
<p>&nbsp;</p>

<p>„Ökogruppenbilanz 2019&#8243; der  Umweltgruppe Holten und Umgebung &nbsp; &nbsp; Seit fünf Jahren ist die Umweltgruppe „Holten und Umgebung“ nun in der Gemeinde aktiv und leistet praktische Naturschutzarbeit vor Ort als Beitrag zum Erhalt der&#46;&#46;&#46;</p>
