{"id":2992,"date":"2020-06-20T13:54:30","date_gmt":"2020-06-20T11:54:30","guid":{"rendered":"https:\/\/holtensterkrade.de\/?page_id=2992"},"modified":"2020-06-20T17:42:00","modified_gmt":"2020-06-20T15:42:00","slug":"zeit-des-wandels-die-evangelische-kirche-in-oberhausen-startet-dazu-eine-umfrage-bitte-machen-sie-mit","status":"publish","type":"page","link":"https:\/\/holtensterkrade.de\/?page_id=2992","title":{"rendered":"Zeit des Wandels? Die Evangelische Kirche in Oberhausen startet dazu eine Umfrage- bitte machen Sie mit!"},"content":{"rendered":"<p>&nbsp;<\/p>\n<p>&nbsp;<\/p>\n<p><a href=\"https:\/\/holtensterkrade.de\/wp-content\/uploads\/2020\/06\/Plakat_Fragebogen_2020-05-24.pdf\"><img loading=\"lazy\" class=\"alignnone size-medium wp-image-3013\" src=\"https:\/\/holtensterkrade.de\/wp-content\/uploads\/2020\/06\/plakat-300x225.png\" alt=\"\" width=\"300\" height=\"225\" srcset=\"https:\/\/holtensterkrade.de\/wp-content\/uploads\/2020\/06\/plakat-300x225.png 300w, https:\/\/holtensterkrade.de\/wp-content\/uploads\/2020\/06\/plakat-1024x766.png 1024w, https:\/\/holtensterkrade.de\/wp-content\/uploads\/2020\/06\/plakat-768x575.png 768w, https:\/\/holtensterkrade.de\/wp-content\/uploads\/2020\/06\/plakat.png 1117w\" sizes=\"(max-width: 300px) 100vw, 300px\" \/><\/a><\/p>\n<p>(Durch Klicken auf die Abbildung erhalten Sie die entsprechende pdf-Datei)<\/p>\n<p>&nbsp;<\/p>\n<p>Unser Leben befindet sich gerade im Ausnahmezustand. Durch die Corona-Krise sind alte Gewohnheiten vielfach nicht mehr m\u00f6glich, Neues wird ausprobiert und etabliert. Als Evangelische Kirche in Oberhausen m\u00f6chten wir verstehen, was dies f\u00fcr die Menschen in Oberhausen bedeutet: Was fehlt, was ist gut, was ist in Zukunft relevant?<\/p>\n<p>Deshalb starten wir eine Online-Umfrage <a href=\"https:\/\/lamapoll.de\/EineZeitDesWandels\"> <strong>https:\/\/lamapoll.de\/EineZeitDesWandels<\/strong><\/a>.<\/p>\n<p>Je mehr Menschen wir damit erreichen, je mehr k\u00f6nnen wir lernen.<\/p>\n<p>Bitte helfen Sie uns dabei, indem Sie selbst an der Umfrage teilnehmen und diese Einladung mit m\u00f6glichst vielen Menschen in Ihrem Umfeld teilen.<\/p>\n<p>Kirchennah, kirchenfern, jung und alt \u2013 jede Meinung z\u00e4hlt und ist uns wichtig.<\/p>\n<p>Dankesch\u00f6n!<\/p>\n<p>&nbsp;<\/p>\n<p>Wenn Sie die Fragen nicht im Internet beantworten wollen, k\u00f6nnen Sie den Fragebogen auch hier als\u00a0 \u00a0 <a href=\"https:\/\/holtensterkrade.de\/wp-content\/uploads\/2020\/06\/Fragebogen__Corona_2020-05-31_Papierform.docx\">Word-Dokument<\/a>\u00a0 oder als <a href=\"https:\/\/holtensterkrade.de\/wp-content\/uploads\/2020\/06\/Fragebogen__Corona_2020-05-31_Papierform.pdf\">PDF-Dokument<\/a>\u00a0herunterladen.<\/p>\n<p>Geben Sie anschlie\u00dfend bitte die ausgef\u00fcllten Seiten bei Ihren Pfarrer*innen ab\/ oder im Gemeindeb\u00fcro in Holten w\u00e4hrend der \u00d6ffnungszeiten\/ oder werfen Sie Ihren Fragebogen in den dortigen Briefkasten &#8230;<\/p>\n","protected":false},"excerpt":{"rendered":"<p>&nbsp; &nbsp; (Durch Klicken auf die Abbildung erhalten Sie die entsprechende pdf-Datei) &nbsp; Unser Leben befindet sich gerade im Ausnahmezustand. Durch die Corona-Krise sind alte Gewohnheiten vielfach nicht mehr m\u00f6glich, Neues wird ausprobiert und&#46;&#46;&#46;<\/p>\n","protected":false},"author":1,"featured_media":0,"parent":0,"menu_order":0,"comment_status":"closed","ping_status":"closed","template":"","meta":[],"publishpress_future_action":{"enabled":false,"date":"1970-01-01 01:00:00","action":"","terms":[],"taxonomy":"","browser_timezone_offset":0},"_links":{"self":[{"href":"https:\/\/holtensterkrade.de\/index.php?rest_route=\/wp\/v2\/pages\/2992"}],"collection":[{"href":"https:\/\/holtensterkrade.de\/index.php?rest_route=\/wp\/v2\/pages"}],"about":[{"href":"https:\/\/holtensterkrade.de\/index.php?rest_route=\/wp\/v2\/types\/page"}],"author":[{"embeddable":true,"href":"https:\/\/holtensterkrade.de\/index.php?rest_route=\/wp\/v2\/users\/1"}],"replies":[{"embeddable":true,"href":"https:\/\/holtensterkrade.de\/index.php?rest_route=%2Fwp%2Fv2%2Fcomments&post=2992"}],"version-history":[{"count":9,"href":"https:\/\/holtensterkrade.de\/index.php?rest_route=\/wp\/v2\/pages\/2992\/revisions"}],"predecessor-version":[{"id":3017,"href":"https:\/\/holtensterkrade.de\/index.php?rest_route=\/wp\/v2\/pages\/2992\/revisions\/3017"}],"wp:attachment":[{"href":"https:\/\/holtensterkrade.de\/index.php?rest_route=%2Fwp%2Fv2%2Fmedia&parent=2992"}],"curies":[{"name":"wp","href":"https:\/\/api.w.org\/{rel}","templated":true}]}}